 (base 11) to base 14
-1908
What is 7224 (base 10) in base 16?
1c38
-101011001 (base 2) to base 8
-531
11332 (base 4) to base 13
235
Convert -40b (base 12) to base 16.
-24b
Convert 18883 (base 13) to base 7.
255523
Convert 110010110111 (base 2) to base 3.
11110120
What is afb1 (base 16) in base 15?
d4d7
Convert 573 (base 14) to base 11.
8a3
Convert -ba1 (base 16) to base 11.
-2267
203 (base 15) to base 12
319
What is 8026 (base 15) in base 10?
27036
2022 (base 3) to base 12
52
What is -101 (base 5) in base 2?
-11010
-155 (base 6) to base 7
-131
Convert 16d (base 15) to base 12.
234
Convert -34b (base 12) to base 2.
-111101011
What is -7fd (base 16) in base 8?
-3775
-121211 (base 7) to base 14
-8078
Convert 1112011201 (base 3) to base 6.
350544
-11524 (base 10) to base 3
-120210211
-2657 (base 8) to base 13
-87c
Convert 2033030 (base 4) to base 8.
21714
What is 1421100 (base 5) in base 14?
aa8d
Convert -312 (base 10) to base 13.
-1b0
18574 (base 10) to base 16
488e
10313 (base 6) to base 9
1840
-541 (base 13) to base 9
-1207
775 (base 8) to base 11
423
Convert 2b4 (base 16) to base 13.
413
What is 11010010110011 (base 2) in base 7?
54222
11012001 (base 3) to base 5
44202
569 (base 11) to base 2
1010101000
-353b (base 14) to base 5
-244030
Convert -253150 (base 6) to base 7.
-123213
Convert -4270 (base 10) to base 11.
-3232
What is -111110111 (base 2) in base 9?
-618
Convert -586 (base 9) to base 12.
-343
What is 715b (base 13) in base 15?
4969
Convert 1a82 (base 11) to base 4.
221013
Convert 550 (base 10) to base 9.
671
1202101 (base 3) to base 14
675
a7b (base 14) to base 4
200111
What is 8378 (base 13) in base 2?
100011100000110
What is -4862 (base 9) in base 15?
-1115
Convert 350 (base 9) to base 11.
242
Convert 1101011011000101 (base 2) to base 15.
11456
Convert 12221 (base 3) to base 4.
2200
What is -220221 (base 3) in base 4?
-22201
What is -32112032 (base 4) in base 9?
-88545
What is 25770 (base 9) in base 12?
a099
-2203 (base 5) to base 11
-256
-2102 (base 4) to base 12
-102
-eb4 (base 16) to base 8
-7264
Convert 82a (base 12) to base 14.
60a
-12032023 (base 4) to base 13
-b7a3
What is -561 (base 8) in base 5?
-2434
-321 (base 5) to base 14
-62
Convert -21552 (base 8) to base 4.
-2031222
8105 (base 11) to base 2
10101000010110
Convert 20222211 (base 3) to base 9.
6884
What is -90d7 (base 15) in base 8?
-73561
Convert -3443 (base 6) to base 7.
-2250
-6041 (base 7) to base 11
-1628
14385 (base 10) to base 8
34061
What is -1014023 (base 6) in base 14?
-13b1d
Convert -3c0 (base 13) to base 9.
-816
Convert -10313303 (base 4) to base 10.
-19955
What is 12550 (base 6) in base 7?
5436
62442 (base 10) to base 9
104580
What is -1864 (base 15) in base 7?
-21235
Convert 603 (base 8) to base 13.
23a
31301203 (base 4) to base 10
56419
Convert -4d9 (base 16) to base 15.
-57b
10000101 (base 3) to base 4
202111
What is -24004 (base 6) in base 16?
-d84
11110010101001 (base 2) to base 13
70b7
-107111 (base 9) to base 16
-faf3
Convert -1639 (base 11) to base 7.
-6056
221202 (base 3) to base 5
10240
What is -101111110 (base 2) in base 3?
-112011
What is 11000011010 (base 2) in base 11?
11a0
What is 30152 (base 7) in base 4?
1301321
What is 103310 (base 4) in base 15?
598
Convert -6606 (base 8) to base 4.
-312012
12021 (base 4) to base 14
201
450 (base 9) to base 11
306
-47af (base 16) to base 4
-10132233
Convert 21230 (base 4) to base 11.
514
What is 24443 (base 6) in base 8?
7053
What is -13525 (base 9) in base 11?
-6992
-1310214 (base 5) to base 2
-110010001010100
Convert -332 (base 4) to base 15.
-42
Convert -21b8 (base 15) to base 16.
-1bec
What is -12402 (base 6) in base 3?
-2120102
Convert 183 (base 15) to base 16.
15c
-1000101010101 (base 2) to base 9
-6070
Convert -122220002 (base 3) to base 4.
-3023303
Convert 377 (base 16) to base 14.
475
20302221 (base 4) to base 11
25066
What is -30011 (base 5) in base 14?
-985
180d (base 14) to base 2
1000011100101
1a04 (base 12) to base 9
4314
112210 (base 4) to base 5
21234
-22202103 (base 4) to base 16
-a893
Convert -73156 (base 8) to base 14.
-b098
Convert -14313 (base 6) to base 9.
-3110
Convert 16340 (base 7) to base 8.
11032
Convert 6a6 (base 14) to base 9.
1728
-220213 (base 4) to base 16
-a27
What is -4345 (base 16) in base 7?
-101131
40331 (base 5) to base 16
a1f
Convert -4248 (base 10) to base 15.
-13d3
What is -1516 (base 7) in base 6?
-2441
What is -20303 (base 4) in base 13?
-344
Convert -10220110 (base 3) to base 7.
-11205
What is 1033130 (base 4) in base 8?
11734
What is -2758 (base 11) in base 4?
-313310
320224 (base 7) to base 10
55339
21344 (base 5) to base 16
5c2
What is -141 (base 14) in base 3?
-100101
-7966 (base 10) to base 6
-100514
What is -40231 (base 7) in base 16?
-25fc
4288 (base 9) to base 8
6126
Convert a31 (base 11) to base 12.
878
Convert -10100011111011 (base 2) to base 14.
-3b75
-100001011101 (base 2) to base 6
-13525
Convert 6606 (base 8) to base 7.
13044
Convert -1012032 (base 4) to base 6.
-32450
Convert 1563 (base 9) to base 3.
1122010
What is 20000000 (base 3) in base 6?
32130
Convert -1522 (base 6) to base 3.
-120012
1010011100011 (base 2) to base 11
4021
What is -230301 (base 4) in base 13?
-13c5
Convert 8798 (base 15) to base 11.
1a638
-2056 (base 12) to base 8
-6702
-2221022201 (base 3) to base 9
-87281
What is -5e3c (base 15) in base 4?
-10321302
What is 22032 (base 7) in base 5?
134021
Convert -52760 (base 8) to base 9.
-33154
Convert 372 (base 10) to base 16.
174
Convert -27e (base 15) to base 2.
-1000111001
What is -6277 (base 16) in base 8?
-61167
What is d40 (base 14) in base 9?
3513
What is 523 (base 7) in base 11?
219
Convert -40a4 (base 12) to base 6.
-52324
What is 14a8 (base 13) in base 7?
11531
Convert 51 (base 9) to base 7.
64
Convert -66b1 (base 16) to base 5.
-1320124
Convert -794 (base 16) to base 5.
-30230
120330 (base 4) to base 15
716
-11654 (base 7) to base 12
-1945
What is bb31 (base 13) in base 6?
320402
Convert -124d (base 16) to base 6.
-33405
What is 17664 (base 8) in base 16?
1fb4
Convert 349 (base 13) to base 11.
477
Convert 46101 (base 7) to base 6.
130120
What is -2d44 (base 16) in base 6?
-125352
Convert 11111011 (base 2) to base 5.
2001
Convert 14150 (base 7) to base 9.
5255
What is 74693 (base 10) in base 14?
1d313
What is 1143012 (base 5) in base 8?
52200
-1c6 (base 15) to base 14
-215
-ca2 (base 16) to base 6
-22550
-1103320 (base 4) to base 10
-5368
What is -7304 (base 10) in base 5?
-213204
Convert -25314 (base 6) to base 8.
-7316
-11000020 (base 3) to base 11
-2217
-204330 (base 5) to base 13
-3162
Convert -1786 (base 11) to base 9.
-3104
3291 (base 16) to base 11
97a9
What is 100 (base 14) in base 13?
121
Convert -14041 (base 5) to base 7.
-3225
162a (base 16) to base 7
22354
Convert -471 (base 8) to base 12.
-221
-2340110 (base 5) to base 15
-cbc0
What is -122210 (base 3) in base 8?
-740
26501 (base 8) to base 3
120220002
What is -369d (base 14) in base 9?
-14077
What is 41242 (base 5) in base 2?
101010001001
10011111 (base 2) to base 4
2133
Convert -41114 (base 5) to base 16.
-a63
Convert -3232 (base 12) to base 4.
-1112012
What is 1342 (base 6) in base 7?
1010
-202122110 (base 3) to base 10
-15051
187 (base 10) to base 4
2323
Convert -37242 (base 8) to base 13.
-73b5
5016 (base 7) to base 9
2330
Convert 331 (base 6) to base 15.
87
5432 (base 6) to base 4
103130
Convert -4333 (base 5) to base 3.
-210222
10011 (base 2) to base 6
31
Convert 12645 (base 11) to base 5.
1034303
-4544 (base 8) to base 16
-964
Convert -a42b (base 12) to base 14.
-673d
Convert -538a (base 11) to base 8.
-15714
Convert -301001 (base 4) to base 14.
-1201
What is -12030 (base 4) in base 15?
-1b6
Convert -1168 (base 12) to base 2.
-11110100000
Convert -1506b (base 12) to base 3.
-1111102002
Convert -165023 (base 7) to base 14.
-c013
What is 60231 (base 8) in base 16?
6099
What is -786 (base 10) in base 8?
-1422
Convert 1131 (base 4) to base 15.
63
Convert c0d (base 16) to base 10.
3085
1102523 (base 6) to base 12
27a43
Convert 17572 (base 8) to base 6.
101150
Convert 331342 (base 6) to base 4.
12232232
-17d4 (base 16) to base 5
-143400
What is -2476 (base 12) in base 7?
-15006
What is -1151 (base 12) in base 10?
-1933
-16b8 (base 12) to base 8
-5254
W